tor of 1112187 and 93.
93
Calculate the greatest common factor of 4 and 142866.
2
What is the greatest common factor of 84 and 184278?
6
What is the highest common factor of 2337953 and 86?
43
Calculate the highest common factor of 7282 and 44.
22
What is the highest common factor of 52432 and 128?
16
Calculate the greatest common divisor of 3872693 and 11.
11
What is the highest common divisor of 29400 and 476700?
2100
What is the greatest common factor of 8467197 and 23?
23
What is the highest common divisor of 3225 and 1175?
25
Calculate the highest common divisor of 8848 and 395.
79
Calculate the highest common factor of 1259042 and 1145.
229
Calculate the highest common factor of 106299 and 2511.
837
What is the greatest common divisor of 14630 and 32870?
190
What is the greatest common factor of 1030 and 11070?
10
Calculate the highest common divisor of 1734 and 438.
6
Calculate the highest common factor of 2660 and 1120.
140
What is the greatest common factor of 34 and 34697?
17
Calculate the greatest common factor of 50 and 454.
2
What is the highest common factor of 20251 and 161?
7
Calculate the highest common factor of 42 and 15897.
21
What is the highest common factor of 2053377 and 118?
59
What is the greatest common factor of 6294364 and 713?
713
What is the greatest common factor of 37444 and 319?
11
What is the highest common factor of 285 and 12350?
95
What is the highest common factor of 12662 and 53083?
487
What is the greatest common divisor of 322944 and 768?
384
What is the highest common factor of 160 and 207600?
80
What is the highest common divisor of 13886 and 917?
131
What is the highest common factor of 26 and 1348178?
26
Calculate the highest common divisor of 468578 and 11033.
649
What is the highest common divisor of 106247 and 1267?
181
What is the greatest common divisor of 855890 and 105?
35
Calculate the highest common factor of 7936 and 305920.
256
What is the greatest common factor of 110 and 20161130?
110
Calculate the greatest common factor of 25674 and 99.
33
What is the highest common divisor of 148 and 449328?
148
What is the highest common factor of 60 and 1230765?
15
What is the greatest common factor of 114 and 135242?
38
Calculate the greatest common factor of 111 and 736485.
111
Calculate the highest common factor of 1902635 and 14.
7
Calculate the highest common factor of 324 and 7647.
3
Calculate the greatest common divisor of 15 and 1932.
3
What is the highest common divisor of 67 and 941?
1
What is the greatest common factor of 86 and 338797?
43
What is the greatest common factor of 1552 and 4528?
16
Calculate the highest common factor of 39683 and 49.
7
Calculate the greatest common divisor of 98625 and 25.
25
Calculate the greatest common divisor of 41723 and 176.
11
Calculate the highest common factor of 12799 and 108.
1
What is the greatest common divisor of 19 and 5233721?
19
What is the highest common factor of 716 and 85562?
358
Calculate the highest common factor of 1220 and 670756.
244
Calculate the greatest common divisor of 1620 and 105480.
180
What is the greatest common factor of 110 and 1408?
22
What is the highest common divisor of 52641 and 9?
9
What is the highest common factor of 146 and 3458886?
146
Calculate the highest common factor of 2120 and 11560.
40
What is the highest common factor of 10116 and 548512?
1124
Calculate the highest common divisor of 5020 and 240.
20
Calculate the greatest common divisor of 2249 and 51208.
173
Calculate the highest common divisor of 66794 and 434.
14
What is the greatest common divisor of 29 and 1562607?
29
What is the greatest common factor of 950192 and 16?
16
What is the highest common divisor of 961 and 1307921?
961
Calculate the highest common factor of 10989 and 22.
11
Calculate the greatest common factor of 3634 and 11692.
158
Calculate the highest common divisor of 2371857 and 102.
51
Calculate the greatest common factor of 902 and 17677.
11
What is the greatest common divisor of 294 and 8742531?
147
What is the greatest common factor of 144 and 7996896?
144
What is the highest common factor of 220 and 599770?
10
Calculate the greatest common factor of 911950 and 650.
650
What is the highest common factor of 2271296 and 384?
64
What is the highest common factor of 16492 and 35188?
76
Calculate the greatest common factor of 54 and 141129.
27
What is the greatest common factor of 9620 and 130240?
740
What is the greatest common divisor of 2877 and 567?
21
Calculate the greatest common divisor of 200886 and 672.
42
What is the greatest common factor of 2343 and 4224?
33
Calculate the highest common factor of 4873 and 24808.
443
What is the greatest common divisor of 186 and 1406718?
186
What is the highest common factor of 9558 and 78084?
162
What is the greatest common divisor of 1043 and 8834?
7
Calculate the greatest common divisor of 16430 and 34185.
265
What is the highest common factor of 13 and 1598?
1
Calculate the greatest common factor of 78208 and 240.
16
Calculate the highest common divisor of 6834 and 67.
67
What is the highest common divisor of 56 and 804391?
7
Calculate the greatest common factor of 88 and 17512.
88
What is the highest common factor of 69559 and 3325?
133
Calculate the greatest common divisor of 630 and 14.
14
Calculate the highest common factor of 38798 and 100058.
2042
What is the greatest common factor of 29003 and 291?
97
Calculate the greatest common factor of 15 and 14190.
15
What is the greatest common divisor of 3256 and 82214?
814
Calculate the highest common factor of 138659 and 313.
313
What is the greatest common factor of 1004512 and 64?
32
What is the greatest common factor of 15 and 2323620?
15
What is the highest common factor of 1814 and 20?
2
What is the greatest common factor of 2040 and 1470?
30
Calculate the highest common factor of 230927 and 58.
29
Calculate the greatest common divisor of 6885 and 12960.
405
What is the highest common divisor of 496606 and 66?
22
What is the highest common divisor of 46999 and 86?
43
What is the highest common factor of 148 and 1516?
4
What is the highest common factor of 1475 and 175?
25
What is the greatest common factor of 355 and 5183?
71
Calculate the greatest common divisor of 1568 and 602.
14
What is the greatest common divisor of 10564 and 836?
76
Calculate the greatest common divisor of 66 and 12287.
11
Calculate the highest common divisor of 1729 and 413.
7
What is the greatest common divisor of 1348 and 819921?
337
What is the highest common factor of 195 and 27651?
39
What is the greatest common divisor of 152 and 727757?
19
What is the greatest common divisor of 209223 and 246?
123
Calculate the greatest common divisor of 16597 and 7.
7
Calculate the highest common divisor of 3556 and 196.
28
What is the greatest common factor of 10583 and 22837?
557
Calculate the greatest common factor of 1746 and 3.
3
What is the highest common factor of 840688 and 144?
16
Calculate the highest common factor of 40932 and 999.
27
What is the greatest common factor of 118 and 60829?
59
What is the highest common divisor of 11 and 402193?
11
Calculate the greatest common divisor of 17800 and 640.
40
Calculate the highest common divisor of 76740 and 120.
60
Calculate the highest common factor of 517 and 4923908.
517
What is the greatest common divisor of 39 and 3359057?
13
What is the greatest common factor of 280 and 39440?
40
Calculate the greatest common factor of 28495 and 1435.
205
What is the highest common factor of 505 and 4974755?
505
Calculate the highest common factor of 26 and 165854.
26
Calculate the greatest common divisor of 124 and 1108.
4
What is the greatest common divisor of 51 and 546805?
17
Calculate the greatest common factor of 2231 and 1167007.
97
What is the greatest common divisor of 828 and 45468?
36
Calculate the greatest common divisor of 26 and 1644383.
13
What is the highest common factor of 1471701 and 231?
231
What is the highest common divisor of 1400 and 1791650?
350
What is the highest common divisor of 31372 and 93?
31
What is the greatest common divisor of 71923 and 11857?
71
Calculate the greatest common divisor of 33 and 109527.
33
What is the highest common divisor of 9033 and 30?
3
Calculate the highest c